ors of 38598353.
349, 110597
List the prime factors of 755013365.
5, 1949, 77477
What are the prime factors of 639149125?
5, 29, 176317
What are the prime factors of 42082590?
2, 3, 5, 11, 11593
What are the prime factors of 143734886?
2, 19, 1091, 3467
List the prime factors of 42029820.
2, 3, 5, 7, 11119
List the prime factors of 134880103.
134880103
What are the prime factors of 304859098?
2, 733, 207953
What are the prime factors of 1064728741?
47, 79, 139, 2063
List the prime factors of 194332953.
3, 43, 1506457
What are the prime factors of 6649095419?
31, 41, 5231389
List the prime factors of 1951432599.
3, 53, 157, 78173
List the prime factors of 19893252.
2, 3, 23, 72077
List the prime factors of 106322730.
2, 3, 5, 541, 6551
What are the prime factors of 36177624?
2, 3, 7, 71, 337
What are the prime factors of 161470725?
3, 5, 13, 165611
What are the prime factors of 7319085257?
11, 89, 7476083
What are the prime factors of 685641284?
2, 53, 67, 48271
What are the prime factors of 136528631?
37, 3689963
List the prime factors of 817827161.
817827161
List the prime factors of 139903281.
3, 7, 101, 349
List the prime factors of 1309627747.
1309627747
List the prime factors of 94060711.
17, 683, 8101
List the prime factors of 63184500.
2, 3, 5, 19, 739
What are the prime factors of 458058448?
2, 353, 81101
List the prime factors of 3147256.
2, 7, 43, 1307
List the prime factors of 169399877.
19, 103, 86561
List the prime factors of 1171625201.
29, 40400869
What are the prime factors of 5787744558?
2, 3, 197, 4896569
What are the prime factors of 63898703?
11, 5808973
List the prime factors of 305070109.
305070109
What are the prime factors of 1296004900?
2, 5, 1237, 10477
List the prime factors of 51354231.
3, 17118077
List the prime factors of 4958695.
5, 7, 141677
List the prime factors of 59498838.
2, 3, 7, 23, 419
List the prime factors of 405813950.
2, 5, 8116279
What are the prime factors of 110955140?
2, 5, 5547757
What are the prime factors of 2295064224?
2, 3, 2339, 3407
List the prime factors of 1384281700.
2, 5, 13842817
What are the prime factors of 2221094997?
3, 11, 293, 6961
What are the prime factors of 454060820?
2, 5, 17, 61, 21893
What are the prime factors of 3447204793?
17911, 192463
What are the prime factors of 6035281654?
2, 149, 379, 53437
What are the prime factors of 1061624118?
2, 3, 1543, 114671
What are the prime factors of 92960224?
2, 7, 613, 677
List the prime factors of 205339569.
3, 47, 127, 11467
What are the prime factors of 237562414?
2, 1609, 73823
What are the prime factors of 276985656?
2, 3, 427447
List the prime factors of 85872799.
19, 29, 155849
What are the prime factors of 2386770871?
239, 9986489
List the prime factors of 1619546961.
3, 109, 4952743
List the prime factors of 26904657.
3, 13, 677, 1019
What are the prime factors of 41447843?
41, 47, 137, 157
List the prime factors of 3279866932.
2, 73, 1129, 9949
List the prime factors of 554971268.
2, 53, 307, 8527
List the prime factors of 31454847.
3, 37, 59, 1601
List the prime factors of 27481363.
7, 13, 301993
List the prime factors of 690386992.
2, 29, 51307
What are the prime factors of 5588535138?
2, 3, 6977, 133499
List the prime factors of 1185592458.
2, 3, 31, 6374153
What are the prime factors of 911556298?
2, 83, 5491303
What are the prime factors of 1692167804?
2, 423041951
List the prime factors of 5441710.
2, 5, 544171
What are the prime factors of 96226752?
2, 3, 173, 2897
What are the prime factors of 454833145?
5, 13, 43, 162731
List the prime factors of 251106977.
11, 22827907
List the prime factors of 17865160.
2, 5, 29, 15401
List the prime factors of 650527843.
7, 92932549
List the prime factors of 1021338407.
19, 2333, 23041
What are the prime factors of 96456655?
5, 31, 622301
What are the prime factors of 21102781?
7, 269, 1601
What are the prime factors of 8625737164?
2, 11, 1620161
List the prime factors of 13104775.
5, 19, 47, 587
What are the prime factors of 2270124308?
2, 17, 33384181
What are the prime factors of 32207489?
19, 1695131
What are the prime factors of 462106906?
2, 67, 1213, 2843
What are the prime factors of 242659460?
2, 5, 181, 67033
What are the prime factors of 43247940?
2, 3, 5, 503, 1433
What are the prime factors of 470005563?
3, 199, 607, 1297
What are the prime factors of 521633141?
37, 14098193
List the prime factors of 5637751.
7, 229, 3517
List the prime factors of 169580105.
5, 5347, 6343
List the prime factors of 1158826375.
5, 7, 59, 22447
List the prime factors of 88360759.
101, 874859
What are the prime factors of 15007556?
2, 109, 34421
What are the prime factors of 23304294?
2, 3, 13, 89, 373
What are the prime factors of 321544449?
3, 35727161
List the prime factors of 128655991.
41, 433, 7247
List the prime factors of 32250385.
5, 31, 208067
List the prime factors of 988651144.
2, 13, 71, 191, 701
List the prime factors of 3803846805.
3, 5, 11, 2561513
What are the prime factors of 97600329?
3, 1061, 3407
What are the prime factors of 7915336?
2, 11, 13, 17, 37
What are the prime factors of 167018810?
2, 5, 7, 2385983
What are the prime factors of 73367816?
2, 19, 482683
What are the prime factors of 5890724?
2, 7, 101, 2083
List the prime factors of 2183483725.
5, 23, 89, 42667
What are the prime factors of 38183124?
2, 3, 7, 251, 1811
List the prime factors of 186161793.
3, 23, 2697997
List the prime factors of 48730509.
3, 41, 3221
List the prime factors of 55505247.
3, 7, 2643107
What are the prime factors of 2004888268?
2, 17, 29483651
List the prime factors of 44261784.
2, 3, 7, 53, 1657
List the prime factors of 150464258.
2, 7, 10747447
What are the prime factors of 105969364?
2, 17, 29, 109
What are the prime factors of 35181074?
2, 17590537
What are the prime factors of 2466834576?
2, 3, 51392387
What are the prime factors of 520568966?
2, 29, 8975327
What are the prime factors of 1052449665?
3, 5, 70163311
List the prime factors of 25472401.
73, 348937
List the prime factors of 844016735.
5, 821, 205607
List the prime factors of 586792198.
2, 293396099
List the prime factors of 17673964.
2, 7, 11, 57383
What are the prime factors of 3268201?
71, 191, 241
List the prime factors of 839135407.
11, 281, 401, 677
List the prime factors of 981769451.
13, 29, 2604163
What are the prime factors of 566485004?
2, 141621251
What are the prime factors of 548773849?
13, 42213373
List the prime factors of 1254430804.
2, 11, 28509791
List the prime factors of 863448065.
5, 19, 199, 45673
List the prime factors of 458091613.
7, 5741, 11399
List the prime factors of 265666639.
7, 373, 101749
What are the prime factors of 25627570?
2, 5, 43, 107, 557
What are the prime factors of 288389531?
41, 7033891
What are the prime factors of 575754692?
2, 31, 43, 107981
What are the prime factors of 181148794?
2, 90574397
List the prime factors of 112714431.
3, 919, 40883
What are the prime factors of 696920092?
2, 11, 43, 479, 769
List the prime factors of 2450987917.
7, 43, 8142817
List the prime factors of 1107912426.
2, 3, 2621, 70451
List the prime factors of 234053069.
31, 7550099
List the prime factors of 110983096.
2, 7, 23, 199, 433
List the prime factors of 20244630.
2, 3, 5, 7, 149, 647
What are the prime factors of 1372894910?
2, 5, 47, 2921053
List the prime factors of 623522431.
7, 79, 1127527
What are the prime factors of 174246421?
174246421
List the prime factors of 2951720691.
3, 983906897
List the prime factors of 23680264.
2, 2960033
List the prime factors of 246186845.
5, 1999, 24631
List the prime factors of 83431355.
5, 7, 2383753
List the prime factors of 629536002.
2, 3, 29, 907, 3989
List the prime factors of 111394073.
7, 229, 69491
List the prime factors of 43324659.
3, 7, 41, 5591
List the prime factors of 20016901.
89, 224909
List the prime factors of 1655518275.
3, 5, 43, 137, 1249
What are the prime factors of 31544807?
7, 19, 237179
List the prime factors of 1200392957.
41, 4723, 6199
What are the prime factors of 60469180?
2, 5, 43, 70313
What are the prime factors of 46081343?
7, 11, 71, 8429
List the prime factors of 124643605.
5, 349, 71429
What are the prime factors of 451446876?
2, 3, 569, 22039
List the prime factors of 268370691.
3, 181, 494237